
Let d = 53 - -87. Suppose 0 = 2*h + 2*h - d. What is the units digit of h?
5
Suppose 2*p - 191 + 71 = 0. What is the tens digit of p?
6
Let f be (-8)/20 - 4/(-10). Suppose 2*v = -3*s - 4 - 42, -4*s + 8 = f. What is the units digit of v/(-4) - 6/12?
6
Let r(l) = 2*l**2 + 2*l - 4. Let z be r(-4). Suppose 2*g = -3*g - z. Let o = 15 + g. What is the units digit of o?
1
Suppose 0 = 5*t - 3*t - 18. Suppose g = 3*m + 3, -3*g + 5*m + 0 + t = 0. Suppose -13 = g*i - 4*i. What is the tens digit of i?
1
What is the units digit of (-3)/(-63)*-3 - 211/(-7)?
0
Let z(c) = 23*c - 33. What is the hundreds digit of z(7)?
1
Let v(n) = -n**3 + 6*n**2 - 4*n - 7. Let x be v(5). What is the tens digit of x/10 - (-81)/5?
1
Let n(w) = -w**2 - w + 42. What is the units digit of n(0)?
2
Suppose 2*z - 32 = 2*x + 22, x + z + 37 = 0. What is the units digit of 15/10*x/(-6)?
8
Let d be (-63)/(-14) + (-2)/(-4). Suppose 36 = c + 2*o, -5*c + d*o + 120 = 3*o. What is the units digit of c?
6
Suppose 0 = -4*x + 8, 32 + 16 = 2*a + 4*x. What is the tens digit of a?
2
Let s = 82 - 28. What is the tens digit of s?
5
Suppose 0 = 4*d - 5*x + 523, -2*x + 261 = -2*d + x. What is the tens digit of d/(-9) + 2/6?
1
Suppose -4*o + 0*o + 8 = 0. Let f be 0/((6/3)/o). Suppose 0*n - 2*n + 20 = f. What is the units digit of n?
0
Let v be 1 - (-42 - (-2 - -1)). Suppose 2*a + v = 4*i - 22, -5*i = -2*a - 79. Suppose 3*y = i, 4*b + 2*y - 18 = -0*y. What is the units digit of b?
2
Suppose 5*l - 519 = -184. What is the tens digit of l?
6
Let s = 205 - 104. What is the hundreds digit of s?
1
Let q(v) = 3*v + 118. What is the tens digit of q(0)?
1
Let c be (-2)/(-8) - 30/(-8). Suppose 2*m - 42 = -3*t + 5*m, t - c*m = 26. What is the tens digit of t?
1
Suppose 8 = x - 20. Suppose 5*m + 3 = x. What is the units digit of m?
5
Let w be (-12)/(-42) + 19/7. What is the tens digit of (-3)/(w/(-41 + 2))?
3
Let c = 62 + 143. Suppose p - 5*p + 148 = 4*u, p = -5*u + c. What is the tens digit of u?
4
Suppose -3*a - 2 + 8 = 0. Let t(v) = -v**2 - v + 5. Let u be t(0). Suppose 0*q = -g + 4*q + 6, -a*g - u*q = -12. What is the units digit of g?
6
Let p be (2 - 6) + -1 + 1. Let a = 10 - 15. Let f = p - a. What is the units digit of f?
1
Suppose n = 18 + 5. Suppose 3*k = -6 - 15. Let c = n + k. What is the units digit of c?
6
Suppose -6 = -4*j - 30. Let h be 274/j + 2/(-6). Let o = -33 - h. What is the units digit of o?
3
Suppose 0 = 3*m + 12, -11 = -2*y + 3*m + 5. Let l be (1 - -1)*10/4. Suppose -3*t = y*t - l. What is the units digit of t?
1
Suppose -8 = -2*a + n, 8*a - 27 = 3*a - n. Suppose 3*q + 5*p = -9, -q - 4*p - 5 = a. Suppose q*s = 3*s - 7. What is the units digit of s?
7
Suppose 4*c + 0*o = 2*o + 4, -o = 2*c + 2. Suppose c = w + 1 - 10. What is the units digit of w?
9
Suppose 7*w - 3*w - 8 = 0. Suppose 42 = 2*h + 2*o, -w*h + 3*o - 79 = -6*h. Suppose -4*y = 2*i - h, -4*y - 20 = -8*y - 4*i. What is the units digit of y?
3
Suppose -5*f = 5*v - 795, 3*f - 411 = 3*v + 66. What is the hundreds digit of f?
1
Let g = 2 + 40. Suppose 8*j - 5*j = -6, -4*n + g = -j. What is the tens digit of n?
1
Suppose 2*f + g = 114, 354 = 4*f + 3*g + 122. What is the units digit of f?
5
Suppose -12 = -4*v + 8. Suppose v*z - 4*z + 33 = 0. What is the units digit of z*2/(-6)*1?
1
What is the tens digit of (39/(-13))/(3/(-31))?
3
Let v(i) = -i**3 - i**2 - 17. Let g be v(0). Let r(x) = -5*x - 1. Let n be r(5). Let q = g - n. What is the units digit of q?
9
Let r(p) = -p**2 - 11*p + 5. Let a(f) = 6*f**2 + 55*f - 24. Let l(u) = 2*a(u) + 11*r(u). What is the units digit of l(11)?
7
Suppose -3*u + b + 417 = -419, 0 = 3*u - 4*b - 833. What is the hundreds digit of u?
2
Let y(l) = -l**3 + 5*l**2 + 6*l. Let v be y(8). Let u be (8/(-8))/(2/v). Suppose -2*z - 2*r + 18 = 0, 5*z - 3*r - r = u. What is the tens digit of z?
1
Suppose -3*t - 9 = 0, 5*t + 14 = 2*d - d. Let y be (0 - (-1 + d))/2. Let c = 6 + y. What is the units digit of c?
7
Suppose -3*w = -0*w - 27. Suppose -t = -2*t + w. What is the units digit of t?
9
Let v(c) = 33*c. What is the units digit of v(2)?
6
Let d(t) = -3*t - 7. Let k be d(-5). Let v be ((-35)/(-20))/((-1)/(-4)). Let u = k - v. What is the units digit of u?
1
Let t(w) = w**3 - 3*w**2 + 2. Let q be t(3). Suppose 0 = q*n - 4. Suppose -4*r - n*x + 64 = 0, -5*r - x - 11 = -88. What is the units digit of r?
5
Suppose 5*j = -2*k + 6*k - 46, 3*k = 4*j + 35. Suppose 3*o - 6*o + k = 0. Suppose o*f + 2*c - 57 = 0, -5*f + 4*c + 46 = -27. What is the units digit of f?
7
Let o be ((-84)/(-15))/(2/10). Let z = -9 + o. What is the tens digit of z?
1
Let c = -35 + 25. Let u(d) = 2*d**2 - 4*d. Let q be u(4). Let w = c + q. What is the units digit of w?
6
Suppose 0 = m + 2*m - 186. Suppose 2*l - 26 = 2*j, -2*j + 7*j - 2*l + m = 0. What is the units digit of (28/j)/((-1)/3)?
7
Let m be (37 - 1) + (6 - 5). Let n = 61 - m. What is the units digit of n?
4
Suppose 2*y - 23 = -3*q, 0 = -3*q + y - 6*y + 35. Suppose 0 = -q*p - 3*t - 75, p + 1 = -5*t - 36. Let i = p - -26. What is the units digit of i?
4
Let j(z) = z**2 + 2*z - 4. What is the units digit of j(3)?
1
Let a(w) = w**3 + 5*w**2 - w + 3. Let n be a(-5). Let h = n + 4. Let s = -10 + h. What is the units digit of s?
2
Suppose 8*x = 2*x + 84. What is the tens digit of x?
1
Suppose 0 = 3*u - 2*u + 14. Let v = -7 - u. What is the units digit of v?
7
Suppose u = -4 - 6. Let o be (-6)/5*u/2. Suppose -70 = -4*v - o. What is the tens digit of v?
1
Suppose -2*j = 2*j - 8. Let l(u) = -u**3 + u + 10*u**2 - 5*u**j + 3*u**2 - 6. What is the units digit of l(8)?
2
Let y(j) = -2*j**3 - 2*j - 1. Let g be y(-2). Let p = -10 + g. What is the units digit of p?
9
Let a = 10 + -10. Suppose a*g - 4*g + 52 = 0. What is the units digit of g?
3
Suppose 5*y - 3*g = 687, -96 - 46 = -y - 4*g. What is the tens digit of y?
3
Let b = -7 + 7. Let a be (b - 2)/(3/(-54)). Suppose 3*v - a + 9 = 0. What is the units digit of v?
9
Let o be 3*3/9*-10. Let l(v) = -10*v**2 - 1 + 9 + v**2 - v**3 + 9*v + 0*v**3. What is the units digit of l(o)?
8
Let q = 4 + 1. Suppose q*j - 146 = -6. What is the units digit of j?
8
Let b(c) = c**2 - 7. Let d be b(0). What is the tens digit of ((-12)/7)/(d/49)?
1
Suppose -376 = -4*f - 4*h, 4*f + 5*h - 49 = 324. What is the tens digit of f?
9
Let b = -13 + 36. What is the units digit of b?
3
Suppose 3*q + 2 + 28 = 0. Let l be q/(-5)*5/2. Suppose 2*r - 1 = -l*o, -2*r - 16 = -6*r + 4*o. What is the units digit of r?
3
Let c(u) = -u**2 - 9*u + 3. Let b be c(-9). Suppose 0 = b*o - 9 - 21. What is the units digit of o?
0
Suppose -v + 16 = 4*s, -v - 2 = -s - 3. Suppose y + 18 = v*y. What is the units digit of y?
6
Let d(m) = m**3 - 13*m**2 + m + 11. What is the units digit of d(13)?
4
Let q(t) = 4*t**2 + t. Let i be q(-1). Suppose 0 = -5*d + 2*h + 114, -3*h + 101 = 5*d - i. What is the tens digit of d?
2
Let d(t) = -4*t - 19. Let j be d(-8). Suppose -g + j + 21 = 0. What is the tens digit of g?
3
Let w = 5 - -3. What is the units digit of w?
8
Suppose 4*s - 6 = -2*p, p - 2*p = 1. Suppose -5*l = -s*l + 3*v - 102, 3*v + 53 = 2*l. What is the tens digit of l?
3
Let f(v) = 2 - 3*v**3 + 5*v - 7*v**2 - 1 + 4*v**3 - 2. Let h be f(5). What is the units digit of h/(-2)*1/1?
3
What is the hundreds digit of ((-25)/20)/(2 + 249/(-124))?
1
Let w(y) = -y**2 + y - 50. Let s be w(0). Let d be s/(-3) + 4/(-6). Let h = d - 10. What is the units digit of h?
6
Let n = -74 - -155. What is the tens digit of n?
8
Let l be 0/2*(0 + -1). Suppose l = -2*o + 2*z + 62, 0*z + 5*z = -5*o + 105. What is the tens digit of o?
2
Suppose -2*j = -0 - 6. What is the units digit of j?
3
Suppose h - 11 = -3*u, -3*u - 1 + 0 = -5*h. Suppose -5*x + u = -7. What is the units digit of x?
2
Let o(b) = b. Let p(t) = -t**2 + 4*t + 2. Let v be p(-4). Let n be v/(-4) - (-1)/(-2). What is the units digit of o(n)?
7
Let v be 3 + (-10)/(-1) + 0. Suppose 5*s = -c - v, c - 2*s + 1 = 9. What is the units digit of c?
2
Suppose 5*q + 5*m - 18 + 3 = 0, 0 = m + 5. What is the units digit of q?
8
Suppose 7 = 4*h - 5. Suppose -h*q + 7*q + 3 = -3*u, 4*u = 3*q - 29. Suppose -7*w + q*w = -4. What is the units digit of w?
1
Let z(n) = -4. Let s(m) = -m - 1. Let j(f) = 5*s(f) - z(f). Let h be j(-1). Suppose 2*l = h + 6. What is the units digit of l?
5
Let b(y) = -y*